{"id":4089,"date":"2022-04-09T10:45:24","date_gmt":"2022-04-09T10:45:24","guid":{"rendered":"https:\/\/welcomelalfas.com\/?post_type=festivales&#038;p=4089"},"modified":"2022-11-04T10:40:02","modified_gmt":"2022-11-04T10:40:02","slug":"festival-infantil-nadalenc","status":"publish","type":"festivales","link":"https:\/\/welcomelalfas.com\/val\/festivales\/festival-infantil-nadalenc\/","title":{"rendered":"Festival infantil nadalenc. \u201cJajajajaja Riures Nadalencs"},"content":{"rendered":"<p>Durant les vacances de Nadal es dedica un temps i un espai als xiquets i xiquetes perqu\u00e8 gaudisquen de la cultura amb activitats musicals, teatrals i l\u00fadiques. Aquest esdeveniment coincideix amb el Concurs Local de Pesebres i el Concurs Local d&#8217;Ornamentaci\u00f3 d&#8217;Arbres de Nadal.<\/p>\n","protected":false},"author":1,"featured_media":4090,"template":"","meta":[],"yoast_head":"<!-- This site is optimized with the Yoast SEO plugin v19.7.1 - https:\/\/yoast.com\/wordpress\/plugins\/seo\/ -->\n<title>Festivales de l&#039;Alf\u00e0s del Pi<\/title>\n<meta name=\"description\" content=\"Festivales de l&#039;Alf\u00e0s del Pi\" \/>\n<meta name=\"robots\" content=\"index, follow, max-snippet:-1, max-image-preview:large, max-video-preview:-1\" \/>\n<link rel=\"canonical\" href=\"https:\/\/welcomelalfas.com\/val\/festivales\/festival-infantil-nadalenc\/\" \/>\n<meta property=\"og:locale\" content=\"en_US\" \/>\n<meta property=\"og:type\" content=\"article\" \/>\n<meta property=\"og:title\" content=\"Festivales de l&#039;Alf\u00e0s del Pi\" \/>\n<meta property=\"og:description\" content=\"Festivales de l&#039;Alf\u00e0s del Pi\" \/>\n<meta property=\"og:url\" content=\"https:\/\/welcomelalfas.com\/val\/festivales\/festival-infantil-nadalenc\/\" \/>\n<meta property=\"og:site_name\" content=\"Welcome L&#039;Alf\u00e0s\" \/>\n<meta property=\"article:modified_time\" content=\"2022-11-04T10:40:02+00:00\" \/>\n<meta property=\"og:image\" content=\"https:\/\/welcomelalfas.com\/wp-content\/uploads\/2022\/04\/festival-infantil-jajajaja.jpg\" \/>\n\t<meta property=\"og:image:width\" content=\"800\" \/>\n\t<meta property=\"og:image:height\" content=\"533\" \/>\n\t<meta property=\"og:image:type\" content=\"image\/jpeg\" \/>\n<meta name=\"twitter:card\" content=\"summary_large_image\" \/>\n<meta name=\"twitter:label1\" content=\"Est. reading time\" \/>\n\t<meta name=\"twitter:data1\" content=\"1 minute\" \/>\n<script type=\"application\/ld+json\" class=\"yoast-schema-graph\">{\"@context\":\"https:\/\/schema.org\",\"@graph\":[{\"@type\":\"WebPage\",\"@id\":\"https:\/\/welcomelalfas.com\/val\/festivales\/festival-infantil-nadalenc\/\",\"url\":\"https:\/\/welcomelalfas.com\/val\/festivales\/festival-infantil-nadalenc\/\",\"name\":\"Festivales de l'Alf\u00e0s del Pi\",\"isPartOf\":{\"@id\":\"https:\/\/welcomelalfas.com\/#website\"},\"datePublished\":\"2022-04-09T10:45:24+00:00\",\"dateModified\":\"2022-11-04T10:40:02+00:00\",\"description\":\"Festivales de l'Alf\u00e0s del Pi\",\"breadcrumb\":{\"@id\":\"https:\/\/welcomelalfas.com\/val\/festivales\/festival-infantil-nadalenc\/#breadcrumb\"},\"inLanguage\":\"val\",\"potentialAction\":[{\"@type\":\"ReadAction\",\"target\":[\"https:\/\/welcomelalfas.com\/val\/festivales\/festival-infantil-nadalenc\/\"]}]},{\"@type\":\"BreadcrumbList\",\"@id\":\"https:\/\/welcomelalfas.com\/val\/festivales\/festival-infantil-nadalenc\/#breadcrumb\",\"itemListElement\":[{\"@type\":\"ListItem\",\"position\":1,\"name\":\"Portada\",\"item\":\"https:\/\/welcomelalfas.com\/val\/\"},{\"@type\":\"ListItem\",\"position\":2,\"name\":\"Festivales\",\"item\":\"https:\/\/welcomelalfas.com\/festivales\/\"},{\"@type\":\"ListItem\",\"position\":3,\"name\":\"Festival infantil nadalenc. \u201cJajajajaja Riures Nadalencs\"}]},{\"@type\":\"WebSite\",\"@id\":\"https:\/\/welcomelalfas.com\/#website\",\"url\":\"https:\/\/welcomelalfas.com\/\",\"name\":\"Welcome L&#039;Alf\u00e0s\",\"description\":\"Welcome L&#039;Alf\u00e0s\",\"potentialAction\":[{\"@type\":\"SearchAction\",\"target\":{\"@type\":\"EntryPoint\",\"urlTemplate\":\"https:\/\/welcomelalfas.com\/?s={search_term_string}\"},\"query-input\":\"required name=search_term_string\"}],\"inLanguage\":\"val\"}]}<\/script>\n<!-- \/ Yoast SEO plugin. -->","yoast_head_json":{"title":"Festivales de l'Alf\u00e0s del Pi","description":"Festivales de l'Alf\u00e0s del Pi","robots":{"index":"index","follow":"follow","max-snippet":"max-snippet:-1","max-image-preview":"max-image-preview:large","max-video-preview":"max-video-preview:-1"},"canonical":"https:\/\/welcomelalfas.com\/val\/festivales\/festival-infantil-nadalenc\/","og_locale":"en_US","og_type":"article","og_title":"Festivales de l'Alf\u00e0s del Pi","og_description":"Festivales de l'Alf\u00e0s del Pi","og_url":"https:\/\/welcomelalfas.com\/val\/festivales\/festival-infantil-nadalenc\/","og_site_name":"Welcome L&#039;Alf\u00e0s","article_modified_time":"2022-11-04T10:40:02+00:00","og_image":[{"width":800,"height":533,"url":"https:\/\/welcomelalfas.com\/wp-content\/uploads\/2022\/04\/festival-infantil-jajajaja.jpg","type":"image\/jpeg"}],"twitter_card":"summary_large_image","twitter_misc":{"Est. reading time":"1 minute"},"schema":{"@context":"https:\/\/schema.org","@graph":[{"@type":"WebPage","@id":"https:\/\/welcomelalfas.com\/val\/festivales\/festival-infantil-nadalenc\/","url":"https:\/\/welcomelalfas.com\/val\/festivales\/festival-infantil-nadalenc\/","name":"Festivales de l'Alf\u00e0s del Pi","isPartOf":{"@id":"https:\/\/welcomelalfas.com\/#website"},"datePublished":"2022-04-09T10:45:24+00:00","dateModified":"2022-11-04T10:40:02+00:00","description":"Festivales de l'Alf\u00e0s del Pi","breadcrumb":{"@id":"https:\/\/welcomelalfas.com\/val\/festivales\/festival-infantil-nadalenc\/#breadcrumb"},"inLanguage":"val","potentialAction":[{"@type":"ReadAction","target":["https:\/\/welcomelalfas.com\/val\/festivales\/festival-infantil-nadalenc\/"]}]},{"@type":"BreadcrumbList","@id":"https:\/\/welcomelalfas.com\/val\/festivales\/festival-infantil-nadalenc\/#breadcrumb","itemListElement":[{"@type":"ListItem","position":1,"name":"Portada","item":"https:\/\/welcomelalfas.com\/val\/"},{"@type":"ListItem","position":2,"name":"Festivales","item":"https:\/\/welcomelalfas.com\/festivales\/"},{"@type":"ListItem","position":3,"name":"Festival infantil nadalenc. \u201cJajajajaja Riures Nadalencs"}]},{"@type":"WebSite","@id":"https:\/\/welcomelalfas.com\/#website","url":"https:\/\/welcomelalfas.com\/","name":"Welcome L&#039;Alf\u00e0s","description":"Welcome L&#039;Alf\u00e0s","potentialAction":[{"@type":"SearchAction","target":{"@type":"EntryPoint","urlTemplate":"https:\/\/welcomelalfas.com\/?s={search_term_string}"},"query-input":"required name=search_term_string"}],"inLanguage":"val"}]}},"_links":{"self":[{"href":"https:\/\/welcomelalfas.com\/val\/wp-json\/wp\/v2\/festivales\/4089"}],"collection":[{"href":"https:\/\/welcomelalfas.com\/val\/wp-json\/wp\/v2\/festivales"}],"about":[{"href":"https:\/\/welcomelalfas.com\/val\/wp-json\/wp\/v2\/types\/festivales"}],"author":[{"embeddable":true,"href":"https:\/\/welcomelalfas.com\/val\/wp-json\/wp\/v2\/users\/1"}],"wp:featuredmedia":[{"embeddable":true,"href":"https:\/\/welcomelalfas.com\/val\/wp-json\/wp\/v2\/media\/4090"}],"wp:attachment":[{"href":"https:\/\/welcomelalfas.com\/val\/wp-json\/wp\/v2\/media?parent=4089"}],"curies":[{"name":"wp","href":"https:\/\/api.w.org\/{rel}","templated":true}]}}

<p>Durant les vacances de Nadal es dedica un temps i un espai als xiquets i xiquetes perquè gaudisquen de la cultura amb activitats musicals, teatrals i lúdiques. Aquest esdeveniment coincideix amb el Concurs Local de Pesebres i el Concurs Local d&#8217;Ornamentació d&#8217;Arbres de Nadal.</p>

<!-- This site is optimized with the Yoast SEO plugin v19.7.1 - https://yoast.com/wordpress/plugins/seo/ -->
<title>Festivales de l&#039;Alfàs del Pi</title>
<meta name="description" content="Festivales de l&#039;Alfàs del Pi" />
<meta name="robots" content="index, follow, max-snippet:-1, max-image-preview:large, max-video-preview:-1" />
<link rel="canonical" href="https://welcomelalfas.com/val/festivales/festival-infantil-nadalenc/" />
<meta property="og:locale" content="en_US" />
<meta property="og:type" content="article" />
<meta property="og:title" content="Festivales de l&#039;Alfàs del Pi" />
<meta property="og:description" content="Festivales de l&#039;Alfàs del Pi" />
<meta property="og:url" content="https://welcomelalfas.com/val/festivales/festival-infantil-nadalenc/" />
<meta property="og:site_name" content="Welcome L&#039;Alfàs" />
<meta property="article:modified_time" content="2022-11-04T10:40:02+00:00" />
<meta property="og:image" content="https://welcomelalfas.com/wp-content/uploads/2022/04/festival-infantil-jajajaja.jpg" />
	<meta property="og:image:width" content="800" />
	<meta property="og:image:height" content="533" />
	<meta property="og:image:type" content="image/jpeg" />
<meta name="twitter:card" content="summary_large_image" />
<meta name="twitter:label1" content="Est. reading time" />
	<meta name="twitter:data1" content="1 minute" />
<script type="application/ld+json" class="yoast-schema-graph">{"@context":"https://schema.org","@graph":[{"@type":"WebPage","@id":"https://welcomelalfas.com/val/festivales/festival-infantil-nadalenc/","url":"https://welcomelalfas.com/val/festivales/festival-infantil-nadalenc/","name":"Festivales de l'Alfàs del Pi","isPartOf":{"@id":"https://welcomelalfas.com/#website"},"datePublished":"2022-04-09T10:45:24+00:00","dateModified":"2022-11-04T10:40:02+00:00","description":"Festivales de l'Alfàs del Pi","breadcrumb":{"@id":"https://welcomelalfas.com/val/festivales/festival-infantil-nadalenc/#breadcrumb"},"inLanguage":"val","potentialAction":[{"@type":"ReadAction","target":["https://welcomelalfas.com/val/festivales/festival-infantil-nadalenc/"]}]},{"@type":"BreadcrumbList","@id":"https://welcomelalfas.com/val/festivales/festival-infantil-nadalenc/#breadcrumb","itemListElement":[{"@type":"ListItem","position":1,"name":"Portada","item":"https://welcomelalfas.com/val/"},{"@type":"ListItem","position":2,"name":"Festivales","item":"https://welcomelalfas.com/festivales/"},{"@type":"ListItem","position":3,"name":"Festival infantil nadalenc. “Jajajajaja Riures Nadalencs"}]},{"@type":"WebSite","@id":"https://welcomelalfas.com/#website","url":"https://welcomelalfas.com/","name":"Welcome L&#039;Alfàs","description":"Welcome L&#039;Alfàs","potentialAction":[{"@type":"SearchAction","target":{"@type":"EntryPoint","urlTemplate":"https://welcomelalfas.com/?s={search_term_string}"},"query-input":"required name=search_term_string"}],"inLanguage":"val"}]}</script>
<!-- / Yoast SEO plugin. -->

Festivales de l'Alfàs del Pi

Welcome L&#039;Alfàs
