{"id":3595,"date":"2021-08-31T09:24:16","date_gmt":"2021-08-31T09:24:16","guid":{"rendered":"https:\/\/welcomelalfas.com\/?page_id=3595"},"modified":"2022-09-30T11:06:09","modified_gmt":"2022-09-30T11:06:09","slug":"un-poco-de-historia","status":"publish","type":"page","link":"https:\/\/welcomelalfas.com\/val\/un-poco-de-historia\/","title":{"rendered":"Una mica d&#8217;hist\u00f2ria"},"content":{"rendered":"<p>[vc_row css_animation=&#8221;&#8221; row_type=&#8221;row&#8221; use_row_as_full_screen_section=&#8221;no&#8221; type=&#8221;grid&#8221; angled_section=&#8221;no&#8221; text_align=&#8221;left&#8221; background_image_as_pattern=&#8221;without_pattern&#8221; z_index=&#8221;&#8221; padding_top=&#8221;50&#8243;][vc_column css=&#8221;.vc_custom_1630316963515{margin-top: 40px !important;}&#8221;][vc_column_text]L&#8217;origen de l&#8217;Alf\u00e0s del Pi est\u00e0 \u00edntimament lligat amb l&#8217;agricultura i amb la cultura de l&#8217;aigua. Alfas \u00e9s un top\u00f2nim d&#8217;origen \u00e0rab que significa terra f\u00e8rtil o terra cultivada. A mitjan del segle XVI la nostra poblaci\u00f3 era un xicotet llogaret dependent de la baronia de Polop i es deia Alf\u00e0s de Polop. En aqueixes dates, la baronessa Beatriz Fajardo de Mendoza inicia la construcci\u00f3 d&#8217;un sistema de reg, el Reg Major de l&#8217;Alf\u00e0s, amb la finalitat d&#8217;augmentar la riquesa agr\u00edcola de les seues terres. Aquesta s\u00e9quia, que recull les seues aig\u00fces en el Ponoig, transcorre per les poblacions de Polop, la Nucia, l&#8217;Alf\u00e0s del Pi i Benidorm. En el seu recorregut es van instal\u00b7lar una gran quantitat de molins, alguns d&#8217;ells encara en peus, a m\u00e9s de fonts i safaretjos. Aquesta xarxa de s\u00e9quies, que 345 anys despr\u00e9s de la seua construcci\u00f3 encara continua funcionant, va permetre un notable augment de la producci\u00f3 agr\u00edcola i de la poblaci\u00f3 assentada en aquesta zona. Finalment, en 1836, l&#8217;Alf\u00e0s s&#8217;independitza de Polop, passant ara a dir-se l&#8217;Alf\u00e0s del Pi, en honor al pi plantat en 1786 en la pla\u00e7a major que simbolitza aquest acte d&#8217;independ\u00e8ncia.[\/vc_column_text][vc_column_text css=&#8221;.vc_custom_1664535523417{margin-top: 30px !important;}&#8221;]Des dels 250 ve\u00efns censats en 1836, l&#8217;Alf\u00e0s del Pi s&#8217;ha convertit en una poblaci\u00f3 amb m\u00e9s de 21.000 habitants. \u00c9s un dels municipis alacantins m\u00e9s tur\u00edstics de la Costa Blanca, amb m\u00e9s de 90 nacionalitats convivint en una perfecta qualitat de vida internacional. Malgrat aix\u00f2, el seu nucli urb\u00e0 encara conserva racons que ens traslladen a una xicoteta poblaci\u00f3 mediterr\u00e0nia amb una economia basada en l&#8217;agricultura. Els carrers Baldons, Calvari, el Gall o Baix, amb el seu tra\u00e7at estret i les seues cases tradicionals, o la pla\u00e7a Major, amb el pi i l&#8217;Esgl\u00e9sia de San Jos\u00e9, evoquen una \u00e8poca en la qual la vida s&#8217;organitzava al voltant dels cicles agr\u00edcoles i els temps es marcaven amb els tocs de les campanes.[\/vc_column_text][\/vc_column][\/vc_row][vc_row css_animation=&#8221;&#8221; row_type=&#8221;row&#8221; use_row_as_full_screen_section=&#8221;no&#8221; type=&#8221;full_width&#8221; angled_section=&#8221;no&#8221; text_align=&#8221;left&#8221; background_image_as_pattern=&#8221;without_pattern&#8221; z_index=&#8221;&#8221; padding_top=&#8221;70&#8243;][vc_column css_animation=&#8221;fadeIn&#8221;][vc_gallery type=&#8221;image_grid&#8221; images=&#8221;3607,3603,3597,3601,3600,3605,3602,3609,3610,3608,3604,3606&#8243; img_size=&#8221;full&#8221; onclick=&#8221;&#8221; column_number=&#8221;3&#8243; grayscale=&#8221;no&#8221; images_space=&#8221;gallery_with_space&#8221;][\/vc_column][\/vc_row][vc_row css_animation=&#8221;&#8221; row_type=&#8221;row&#8221; use_row_as_full_screen_section=&#8221;no&#8221; type=&#8221;full_width&#8221; angled_section=&#8221;no&#8221; text_align=&#8221;left&#8221; background_image_as_pattern=&#8221;without_pattern&#8221; z_index=&#8221;&#8221; padding_top=&#8221;157&#8243; css=&#8221;.vc_custom_1623657953821{margin-top: 70px !important;background-image: url(https:\/\/welcomelalfas.com\/wp-content\/uploads\/2021\/06\/fondo-pie-tn.jpg?id=389) !important;background-position: center !important;background-repeat: no-repeat !important;background-size: cover !important;}&#8221; padding_bottom=&#8221;100&#8243;][vc_column css=&#8221;.vc_custom_1623600830979{background-position: 0 0 !important;background-repeat: no-repeat !important;}&#8221;][\/vc_column][\/vc_row]<\/p>\n","protected":false},"excerpt":{"rendered":"<p>[vc_row css_animation=&#8221;&#8221; row_type=&#8221;row&#8221; use_row_as_full_screen_section=&#8221;no&#8221; type=&#8221;grid&#8221; angled_section=&#8221;no&#8221; text_align=&#8221;left&#8221; background_image_as_pattern=&#8221;without_pattern&#8221; z_index=&#8221;&#8221; padding_top=&#8221;50&#8243;][vc_column css=&#8221;.vc_custom_1630316963515{margin-top: 40px !important;}&#8221;][vc_column_text]L&#8217;origen de l&#8217;Alf\u00e0s del Pi est\u00e0 \u00edntimament lligat amb l&#8217;agricultura i amb la cultura de l&#8217;aigua. Alfas \u00e9s un top\u00f2nim d&#8217;origen \u00e0rab que significa terra f\u00e8rtil o terra cultivada. A mitjan del segle&#8230;<\/p>\n","protected":false},"author":2,"featured_media":0,"parent":0,"menu_order":0,"comment_status":"closed","ping_status":"closed","template":"full_width.php","meta":[],"yoast_head":"<!-- This site is optimized with the Yoast SEO plugin v19.7.1 - https:\/\/yoast.com\/wordpress\/plugins\/seo\/ -->\n<title>Una mica d&#039;hist\u00f2ria | Welcome L&#039;Alf\u00e0s<\/title>\n<meta name=\"description\" content=\"Una mica d&#039;hist\u00f2ria | Welcome L&#039;Alf\u00e0s\" \/>\n<meta name=\"robots\" content=\"index, follow, max-snippet:-1, max-image-preview:large, max-video-preview:-1\" \/>\n<link rel=\"canonical\" href=\"https:\/\/welcomelalfas.com\/val\/un-poco-de-historia\/\" \/>\n<meta property=\"og:locale\" content=\"en_US\" \/>\n<meta property=\"og:type\" content=\"article\" \/>\n<meta property=\"og:title\" content=\"Una mica d&#039;hist\u00f2ria | Welcome L&#039;Alf\u00e0s\" \/>\n<meta property=\"og:description\" content=\"Una mica d&#039;hist\u00f2ria | Welcome L&#039;Alf\u00e0s\" \/>\n<meta property=\"og:url\" content=\"https:\/\/welcomelalfas.com\/val\/un-poco-de-historia\/\" \/>\n<meta property=\"og:site_name\" content=\"Welcome L&#039;Alf\u00e0s\" \/>\n<meta property=\"article:modified_time\" content=\"2022-09-30T11:06:09+00:00\" \/>\n<meta name=\"twitter:card\" content=\"summary_large_image\" \/>\n<meta name=\"twitter:label1\" content=\"Est. reading time\" \/>\n\t<meta name=\"twitter:data1\" content=\"2 minutes\" \/>\n<script type=\"application\/ld+json\" class=\"yoast-schema-graph\">{\"@context\":\"https:\/\/schema.org\",\"@graph\":[{\"@type\":\"WebPage\",\"@id\":\"https:\/\/welcomelalfas.com\/val\/un-poco-de-historia\/\",\"url\":\"https:\/\/welcomelalfas.com\/val\/un-poco-de-historia\/\",\"name\":\"Una mica d'hist\u00f2ria | Welcome L&#039;Alf\u00e0s\",\"isPartOf\":{\"@id\":\"https:\/\/welcomelalfas.com\/#website\"},\"datePublished\":\"2021-08-31T09:24:16+00:00\",\"dateModified\":\"2022-09-30T11:06:09+00:00\",\"description\":\"Una mica d'hist\u00f2ria | Welcome L&#039;Alf\u00e0s\",\"breadcrumb\":{\"@id\":\"https:\/\/welcomelalfas.com\/val\/un-poco-de-historia\/#breadcrumb\"},\"inLanguage\":\"val\",\"potentialAction\":[{\"@type\":\"ReadAction\",\"target\":[\"https:\/\/welcomelalfas.com\/val\/un-poco-de-historia\/\"]}]},{\"@type\":\"BreadcrumbList\",\"@id\":\"https:\/\/welcomelalfas.com\/val\/un-poco-de-historia\/#breadcrumb\",\"itemListElement\":[{\"@type\":\"ListItem\",\"position\":1,\"name\":\"Portada\",\"item\":\"https:\/\/welcomelalfas.com\/val\/\"},{\"@type\":\"ListItem\",\"position\":2,\"name\":\"Una mica d&#8217;hist\u00f2ria\"}]},{\"@type\":\"WebSite\",\"@id\":\"https:\/\/welcomelalfas.com\/#website\",\"url\":\"https:\/\/welcomelalfas.com\/\",\"name\":\"Welcome L&#039;Alf\u00e0s\",\"description\":\"Welcome L&#039;Alf\u00e0s\",\"potentialAction\":[{\"@type\":\"SearchAction\",\"target\":{\"@type\":\"EntryPoint\",\"urlTemplate\":\"https:\/\/welcomelalfas.com\/?s={search_term_string}\"},\"query-input\":\"required name=search_term_string\"}],\"inLanguage\":\"val\"}]}<\/script>\n<!-- \/ Yoast SEO plugin. -->","yoast_head_json":{"title":"Una mica d'hist\u00f2ria | Welcome L&#039;Alf\u00e0s","description":"Una mica d'hist\u00f2ria | Welcome L&#039;Alf\u00e0s","robots":{"index":"index","follow":"follow","max-snippet":"max-snippet:-1","max-image-preview":"max-image-preview:large","max-video-preview":"max-video-preview:-1"},"canonical":"https:\/\/welcomelalfas.com\/val\/un-poco-de-historia\/","og_locale":"en_US","og_type":"article","og_title":"Una mica d'hist\u00f2ria | Welcome L&#039;Alf\u00e0s","og_description":"Una mica d'hist\u00f2ria | Welcome L&#039;Alf\u00e0s","og_url":"https:\/\/welcomelalfas.com\/val\/un-poco-de-historia\/","og_site_name":"Welcome L&#039;Alf\u00e0s","article_modified_time":"2022-09-30T11:06:09+00:00","twitter_card":"summary_large_image","twitter_misc":{"Est. reading time":"2 minutes"},"schema":{"@context":"https:\/\/schema.org","@graph":[{"@type":"WebPage","@id":"https:\/\/welcomelalfas.com\/val\/un-poco-de-historia\/","url":"https:\/\/welcomelalfas.com\/val\/un-poco-de-historia\/","name":"Una mica d'hist\u00f2ria | Welcome L&#039;Alf\u00e0s","isPartOf":{"@id":"https:\/\/welcomelalfas.com\/#website"},"datePublished":"2021-08-31T09:24:16+00:00","dateModified":"2022-09-30T11:06:09+00:00","description":"Una mica d'hist\u00f2ria | Welcome L&#039;Alf\u00e0s","breadcrumb":{"@id":"https:\/\/welcomelalfas.com\/val\/un-poco-de-historia\/#breadcrumb"},"inLanguage":"val","potentialAction":[{"@type":"ReadAction","target":["https:\/\/welcomelalfas.com\/val\/un-poco-de-historia\/"]}]},{"@type":"BreadcrumbList","@id":"https:\/\/welcomelalfas.com\/val\/un-poco-de-historia\/#breadcrumb","itemListElement":[{"@type":"ListItem","position":1,"name":"Portada","item":"https:\/\/welcomelalfas.com\/val\/"},{"@type":"ListItem","position":2,"name":"Una mica d&#8217;hist\u00f2ria"}]},{"@type":"WebSite","@id":"https:\/\/welcomelalfas.com\/#website","url":"https:\/\/welcomelalfas.com\/","name":"Welcome L&#039;Alf\u00e0s","description":"Welcome L&#039;Alf\u00e0s","potentialAction":[{"@type":"SearchAction","target":{"@type":"EntryPoint","urlTemplate":"https:\/\/welcomelalfas.com\/?s={search_term_string}"},"query-input":"required name=search_term_string"}],"inLanguage":"val"}]}},"_links":{"self":[{"href":"https:\/\/welcomelalfas.com\/val\/wp-json\/wp\/v2\/pages\/3595"}],"collection":[{"href":"https:\/\/welcomelalfas.com\/val\/wp-json\/wp\/v2\/pages"}],"about":[{"href":"https:\/\/welcomelalfas.com\/val\/wp-json\/wp\/v2\/types\/page"}],"author":[{"embeddable":true,"href":"https:\/\/welcomelalfas.com\/val\/wp-json\/wp\/v2\/users\/2"}],"replies":[{"embeddable":true,"href":"https:\/\/welcomelalfas.com\/val\/wp-json\/wp\/v2\/comments?post=3595"}],"version-history":[{"count":5,"href":"https:\/\/welcomelalfas.com\/val\/wp-json\/wp\/v2\/pages\/3595\/revisions"}],"predecessor-version":[{"id":3622,"href":"https:\/\/welcomelalfas.com\/val\/wp-json\/wp\/v2\/pages\/3595\/revisions\/3622"}],"wp:attachment":[{"href":"https:\/\/welcomelalfas.com\/val\/wp-json\/wp\/v2\/media?parent=3595"}],"curies":[{"name":"wp","href":"https:\/\/api.w.org\/{rel}","templated":true}]}}