{"id":3708,"date":"2022-07-25T09:39:13","date_gmt":"2022-07-25T09:39:13","guid":{"rendered":"https:\/\/welcomelalfas.com\/?page_id=3708"},"modified":"2022-10-03T11:14:27","modified_gmt":"2022-10-03T11:14:27","slug":"com-arribar","status":"publish","type":"page","link":"https:\/\/welcomelalfas.com\/val\/com-arribar\/","title":{"rendered":"Com arribar?"},"content":{"rendered":"<p>[vc_row css_animation=&#8221;&#8221; row_type=&#8221;row&#8221; use_row_as_full_screen_section=&#8221;no&#8221; type=&#8221;grid&#8221; angled_section=&#8221;no&#8221; text_align=&#8221;left&#8221; background_image_as_pattern=&#8221;without_pattern&#8221; z_index=&#8221;&#8221; css=&#8221;.vc_custom_1659527494590{margin-top: 50px !important;}&#8221;][vc_column el_class=&#8221;apartadoTN&#8221;][vc_column_text]<\/p>\n<h2>C\u00d3M ARRIBAR A L&#8217;ALF\u00c0S DEL PI?<\/h2>\n<p>[\/vc_column_text][\/vc_column][\/vc_row][vc_row css_animation=&#8221;&#8221; row_type=&#8221;row&#8221; use_row_as_full_screen_section=&#8221;no&#8221; type=&#8221;grid&#8221; angled_section=&#8221;no&#8221; text_align=&#8221;left&#8221; background_image_as_pattern=&#8221;without_pattern&#8221; z_index=&#8221;&#8221; padding_top=&#8221;20&#8243;][vc_column][vc_column_text]Situat a la Comunitat Valenciana, l&#8217;Alf\u00e0s del Pi pertany a la prov\u00edncia d&#8217;Alacant i es troba a 50 km respecte a aquesta i a 143 km de la ciutat de Val\u00e8ncia. Existeix per tant una \u00e0mplia xarxa de comunicacions que permet la seua connexi\u00f3 amb la resta del m\u00f3n.<\/p>\n<p>La ciutat, est\u00e0 situada en l&#8217;arc mediterrani que tra\u00e7a l&#8217;AP7 entre les eixides de Benidorm i Altea i la carretera nacional 332, aconseguint un c\u00f2mode acc\u00e9s mitjan\u00e7ant mitjans de transport propis o l\u00ednies d&#8217;autobusos.<\/p>\n<p>Una efica\u00e7 connexi\u00f3 terrestre, en la qual no podem oblidar el tren d&#8217;alta velocitat AVE, que des d&#8217;Alacant connecta amb les principals ciutats espanyoles. <a style=\"color: #006198;\" href=\"https:\/\/www.renfe.com\/es\/es\" target=\"_blank\" rel=\"noopener\">www.renfe.es<\/a><\/p>\n<p>L&#8217;estaci\u00f3 d&#8217;autobusos m\u00e9s pr\u00f2xima, es troba a 8km de l&#8217;Alf\u00e0s del Pi i se situa a l&#8217;entrada de Benidorm permetent un f\u00e0cil acc\u00e9s des de l&#8217;AP-7 (eixida Benidorm-Platja de Llevant) o la carretera N332 <a style=\"color: #006198;\" href=\"https:\/\/www.alsa.es\/\" target=\"_blank\" rel=\"noopener\">www.alsa.es<\/a><\/p>\n<p>El pr\u00f2xim aeroport internacional d&#8217;Alacant-Elx, constitueix una important via d&#8217;acc\u00e9s, ja que rep di\u00e0riament els vols de multitud de l\u00ednies a\u00e8ries que transporten a visitants de tot el m\u00f3n. <a style=\"color: #006198;\" href=\"https:\/\/www.aena.es\/es\/alicante-elche.html\" target=\"_blank\" rel=\"noopener\">www.aena.es<\/a><\/p>\n<p>Tamb\u00e9 les grans embarcacions d&#8217;esbarjo poden recalar a trav\u00e9s dels ports d&#8217;Alacant, Altea i la Vila Joiosa.[\/vc_column_text][\/vc_column][\/vc_row][vc_row css_animation=&#8221;&#8221; row_type=&#8221;row&#8221; use_row_as_full_screen_section=&#8221;no&#8221; type=&#8221;grid&#8221; angled_section=&#8221;no&#8221; text_align=&#8221;left&#8221; background_image_as_pattern=&#8221;without_pattern&#8221; z_index=&#8221;&#8221; css=&#8221;.vc_custom_1659527494590{margin-top: 50px !important;}&#8221;][vc_column el_class=&#8221;apartadoTN&#8221;][vc_column_text]<\/p>\n<h2>DESPLA\u00c7AMENTS DES DE l\u2019ALF\u00c0S DEL PI<\/h2>\n<p>[\/vc_column_text][\/vc_column][\/vc_row][vc_row css_animation=&#8221;&#8221; row_type=&#8221;row&#8221; use_row_as_full_screen_section=&#8221;no&#8221; type=&#8221;grid&#8221; angled_section=&#8221;no&#8221; text_align=&#8221;left&#8221; background_image_as_pattern=&#8221;without_pattern&#8221; z_index=&#8221;&#8221; padding_top=&#8221;20&#8243;][vc_column css=&#8221;.vc_custom_1658741556860{margin-bottom: 50px !important;}&#8221;][vc_column_text css=&#8221;.vc_custom_1664627675603{margin-bottom: 20px !important;}&#8221;]<\/p>\n<h3>Bus Urb\u00e0<\/h3>\n<p>Les l\u00ednia 10, 31 i 12 dels autobusos urbans de la companyia LLorenteBus connecten regularment la platja de l\u2019Albir amb el nucli urb\u00e0 de l&#8217;Alf\u00e0s del Pi i els pobles d&#8217;Altea i Benidorm, des d&#8217;on existeix possibilitat d&#8217;enlla\u00e7ar amb altres destins o l\u00ednies de la mateixa companyia. Des de qualsevol punt de Benidorm. En concret, les l\u00ednies de transport urb\u00e0 3, 4 i 11 donen servei a l&#8217;estaci\u00f3 d&#8217;autobusos m\u00e9s pr\u00f2xima. Tamb\u00e9 des de Benidorm podem enlla\u00e7ar amb les l\u00ednies 16 a Guadalest i la l\u00ednia 18 Les Fonts de l\u2019Algar en Callosa d\u2019Ensarri\u00e0.<\/p>\n<p>Pots consultar horaris i t\u00edtols de transport en <a style=\"color: #006198;\" href=\"https:\/\/alicante.avanzagrupo.com\/es\" target=\"_blank\" rel=\"noopener\">www.alicante.avanzagrupo.com<\/a>[\/vc_column_text][vc_column_text css=&#8221;.vc_custom_1664627722358{margin-bottom: 20px !important;}&#8221;]<\/p>\n<h3>Tren de rodalia TRAM<\/h3>\n<p>El trenet de la Marina Baixa \u00e9s un altre important mitj\u00e0 de transport que facilita l&#8217;arribada de viatgers a aquesta ciutat entre D\u00e9nia-Benidorm l\u00ednia 9 i Benidorm-Alacant l\u00ednia 1. En concret la l\u00ednia 9 compta amb dos baixadors a l&#8217;Alf\u00e0s del Pi, un a l&#8217;altura de la platja i un altre a l&#8217;altura del barri antic, tots dos paral\u00b7lels a la carretera nacional 332. Pots consultar horaris i t\u00edtols de transport en <a style=\"color: #006198;\" href=\"https:\/\/www.tramalacant.es\/page.php\" target=\"_blank\" rel=\"noopener\">www.tramalacant.es<\/a>[\/vc_column_text][vc_column_text css=&#8221;.vc_custom_1664627777424{margin-bottom: 20px !important;}&#8221;]<\/p>\n<h3>Agrupaci\u00f3 de Taxis l&#8217;Alf\u00e0s del Pi<\/h3>\n<p>La flota de vehicles disponible es compon de 22 vehicles, en la seua majoria h\u00edbrids, reduint les emissions CO\u2082 i per tant m\u00e9s respectuosos amb el medi ambient. El 50% dels vehicles s\u00f3n de 6 + 1 places i compten amb 2 vehicles adaptats per a persones amb mobilitat redu\u00efda, rampa i ancoratges per a una cadira de rodes, a m\u00e9s de 4 places. L&#8217;\u00fas de les noves tecnologies facilita la sol\u00b7licitud d&#8217;un taxi en el municipi, amb una aplicaci\u00f3 per a tel\u00e8fons m\u00f2bils \u201cpidetaxi\u201d, que permet als usuaris demanar un taxi en la seua zona sense haver de telefonar al <a style=\"color: #006198;\" href=\"tel:965856101\" target=\"_blank\" rel=\"noopener\">965 856 101<\/a>[\/vc_column_text][\/vc_column][\/vc_row][vc_row css_animation=&#8221;&#8221; row_type=&#8221;row&#8221; use_row_as_full_screen_section=&#8221;no&#8221; type=&#8221;full_width&#8221; angled_section=&#8221;no&#8221; text_align=&#8221;left&#8221; background_image_as_pattern=&#8221;without_pattern&#8221; z_index=&#8221;&#8221; padding_top=&#8221;100&#8243;][vc_column][vc_gmaps link=&#8221;#E-8_JTNDaWZyYW1lJTIwc3JjJTNEJTIyaHR0cHMlM0ElMkYlMkZ3d3cuZ29vZ2xlLmNvbSUyRm1hcHMlMkZlbWJlZCUzRnBiJTNEJTIxMW0xOCUyMTFtMTIlMjExbTMlMjExZDEyNDc2LjEyMDE5ODYzNDI5NyUyMTJkLTAuMTA5MTcxMzYzODY2MDUxMzElMjEzZDM4LjU3OTE1NTgyMzkzNDAzJTIxMm0zJTIxMWYwJTIxMmYwJTIxM2YwJTIxM20yJTIxMWkxMDI0JTIxMmk3NjglMjE0ZjEzLjElMjEzbTMlMjExbTIlMjExczB4ZDYyMDM4ZmQzNTc2MmYzJTI1M0EweGQxMDlhNjdjOGZjZDQ2ZWIlMjEyczAzNTgwJTI1MjBMJTI2JTIzMzklM0JBbGYlMjVDMyUyNUEwcyUyNTIwZGVsJTI1MjBQaSUyNTJDJTI1MjBBbGljYW50ZSUyMTVlMCUyMTNtMiUyMTFzZW4lMjEyc2VzJTIxNHYxNjU4NzQyMDc4MTExJTIxNW0yJTIxMXNlbiUyMTJzZXMlMjIlMjB3aWR0aCUzRCUyMjEwMCUyNSUyMiUyMGhlaWdodCUzRCUyMjQ1MCUyMiUyMHN0eWxlJTNEJTIyYm9yZGVyJTNBMCUzQiUyMiUyMGFsbG93ZnVsbHNjcmVlbiUzRCUyMiUyMiUyMGxvYWRpbmclM0QlMjJsYXp5JTIyJTIwcmVmZXJyZXJwb2xpY3klM0QlMjJuby1yZWZlcnJlci13aGVuLWRvd25ncmFkZSUyMiUzRSUzQyUyRmlmcmFtZSUzRQ==&#8221;][\/vc_column][\/vc_row][vc_row css_animation=&#8221;&#8221; row_type=&#8221;row&#8221; use_row_as_full_screen_section=&#8221;no&#8221; type=&#8221;full_width&#8221; angled_section=&#8221;no&#8221; text_align=&#8221;left&#8221; background_image_as_pattern=&#8221;without_pattern&#8221; css=&#8221;.vc_custom_1659440572699{margin-top: 70px !important;background-image: url(https:\/\/welcomelalfas.com\/wp-content\/uploads\/2021\/06\/fondo-pie-tn.jpg?id=389) !important;}&#8221; z_index=&#8221;&#8221; padding_top=&#8221;157&#8243; padding_bottom=&#8221;100&#8243;][vc_column][\/vc_column][\/vc_row]<\/p>\n","protected":false},"excerpt":{"rendered":"<p>[vc_row css_animation=&#8221;&#8221; row_type=&#8221;row&#8221; use_row_as_full_screen_section=&#8221;no&#8221; type=&#8221;grid&#8221; angled_section=&#8221;no&#8221; text_align=&#8221;left&#8221; background_image_as_pattern=&#8221;without_pattern&#8221; z_index=&#8221;&#8221; css=&#8221;.vc_custom_1659527494590{margin-top: 50px !important;}&#8221;][vc_column el_class=&#8221;apartadoTN&#8221;][vc_column_text] C\u00d3M ARRIBAR A L&#8217;ALF\u00c0S DEL PI? [\/vc_column_text][\/vc_column][\/vc_row][vc_row css_animation=&#8221;&#8221; row_type=&#8221;row&#8221; use_row_as_full_screen_section=&#8221;no&#8221; type=&#8221;grid&#8221; angled_section=&#8221;no&#8221; text_align=&#8221;left&#8221; background_image_as_pattern=&#8221;without_pattern&#8221; z_index=&#8221;&#8221; padding_top=&#8221;20&#8243;][vc_column][vc_column_text]Situat a la Comunitat Valenciana, l&#8217;Alf\u00e0s del Pi pertany a la prov\u00edncia d&#8217;Alacant i es troba a&#8230;<\/p>\n","protected":false},"author":1,"featured_media":0,"parent":0,"menu_order":0,"comment_status":"closed","ping_status":"closed","template":"full_width.php","meta":[],"yoast_head":"<!-- This site is optimized with the Yoast SEO plugin v19.7.1 - https:\/\/yoast.com\/wordpress\/plugins\/seo\/ -->\n<title>Com arribar? | Welcome L&#039;Alf\u00e0s<\/title>\n<meta name=\"description\" content=\"Com arribar? | Welcome L&#039;Alf\u00e0s\" \/>\n<meta name=\"robots\" content=\"index, follow, max-snippet:-1, max-image-preview:large, max-video-preview:-1\" \/>\n<link rel=\"canonical\" href=\"https:\/\/welcomelalfas.com\/val\/com-arribar\/\" \/>\n<meta property=\"og:locale\" content=\"en_US\" \/>\n<meta property=\"og:type\" content=\"article\" \/>\n<meta property=\"og:title\" content=\"Com arribar? | Welcome L&#039;Alf\u00e0s\" \/>\n<meta property=\"og:description\" content=\"Com arribar? | Welcome L&#039;Alf\u00e0s\" \/>\n<meta property=\"og:url\" content=\"https:\/\/welcomelalfas.com\/val\/com-arribar\/\" \/>\n<meta property=\"og:site_name\" content=\"Welcome L&#039;Alf\u00e0s\" \/>\n<meta property=\"article:modified_time\" content=\"2022-10-03T11:14:27+00:00\" \/>\n<meta name=\"twitter:card\" content=\"summary_large_image\" \/>\n<meta name=\"twitter:label1\" content=\"Est. reading time\" \/>\n\t<meta name=\"twitter:data1\" content=\"3 minutes\" \/>\n<script type=\"application\/ld+json\" class=\"yoast-schema-graph\">{\"@context\":\"https:\/\/schema.org\",\"@graph\":[{\"@type\":\"WebPage\",\"@id\":\"https:\/\/welcomelalfas.com\/val\/com-arribar\/\",\"url\":\"https:\/\/welcomelalfas.com\/val\/com-arribar\/\",\"name\":\"Com arribar? | Welcome L&#039;Alf\u00e0s\",\"isPartOf\":{\"@id\":\"https:\/\/welcomelalfas.com\/#website\"},\"datePublished\":\"2022-07-25T09:39:13+00:00\",\"dateModified\":\"2022-10-03T11:14:27+00:00\",\"description\":\"Com arribar? | Welcome L&#039;Alf\u00e0s\",\"breadcrumb\":{\"@id\":\"https:\/\/welcomelalfas.com\/val\/com-arribar\/#breadcrumb\"},\"inLanguage\":\"val\",\"potentialAction\":[{\"@type\":\"ReadAction\",\"target\":[\"https:\/\/welcomelalfas.com\/val\/com-arribar\/\"]}]},{\"@type\":\"BreadcrumbList\",\"@id\":\"https:\/\/welcomelalfas.com\/val\/com-arribar\/#breadcrumb\",\"itemListElement\":[{\"@type\":\"ListItem\",\"position\":1,\"name\":\"Portada\",\"item\":\"https:\/\/welcomelalfas.com\/val\/\"},{\"@type\":\"ListItem\",\"position\":2,\"name\":\"Com arribar?\"}]},{\"@type\":\"WebSite\",\"@id\":\"https:\/\/welcomelalfas.com\/#website\",\"url\":\"https:\/\/welcomelalfas.com\/\",\"name\":\"Welcome L&#039;Alf\u00e0s\",\"description\":\"Welcome L&#039;Alf\u00e0s\",\"potentialAction\":[{\"@type\":\"SearchAction\",\"target\":{\"@type\":\"EntryPoint\",\"urlTemplate\":\"https:\/\/welcomelalfas.com\/?s={search_term_string}\"},\"query-input\":\"required name=search_term_string\"}],\"inLanguage\":\"val\"}]}<\/script>\n<!-- \/ Yoast SEO plugin. -->","yoast_head_json":{"title":"Com arribar? | Welcome L&#039;Alf\u00e0s","description":"Com arribar? | Welcome L&#039;Alf\u00e0s","robots":{"index":"index","follow":"follow","max-snippet":"max-snippet:-1","max-image-preview":"max-image-preview:large","max-video-preview":"max-video-preview:-1"},"canonical":"https:\/\/welcomelalfas.com\/val\/com-arribar\/","og_locale":"en_US","og_type":"article","og_title":"Com arribar? | Welcome L&#039;Alf\u00e0s","og_description":"Com arribar? | Welcome L&#039;Alf\u00e0s","og_url":"https:\/\/welcomelalfas.com\/val\/com-arribar\/","og_site_name":"Welcome L&#039;Alf\u00e0s","article_modified_time":"2022-10-03T11:14:27+00:00","twitter_card":"summary_large_image","twitter_misc":{"Est. reading time":"3 minutes"},"schema":{"@context":"https:\/\/schema.org","@graph":[{"@type":"WebPage","@id":"https:\/\/welcomelalfas.com\/val\/com-arribar\/","url":"https:\/\/welcomelalfas.com\/val\/com-arribar\/","name":"Com arribar? | Welcome L&#039;Alf\u00e0s","isPartOf":{"@id":"https:\/\/welcomelalfas.com\/#website"},"datePublished":"2022-07-25T09:39:13+00:00","dateModified":"2022-10-03T11:14:27+00:00","description":"Com arribar? | Welcome L&#039;Alf\u00e0s","breadcrumb":{"@id":"https:\/\/welcomelalfas.com\/val\/com-arribar\/#breadcrumb"},"inLanguage":"val","potentialAction":[{"@type":"ReadAction","target":["https:\/\/welcomelalfas.com\/val\/com-arribar\/"]}]},{"@type":"BreadcrumbList","@id":"https:\/\/welcomelalfas.com\/val\/com-arribar\/#breadcrumb","itemListElement":[{"@type":"ListItem","position":1,"name":"Portada","item":"https:\/\/welcomelalfas.com\/val\/"},{"@type":"ListItem","position":2,"name":"Com arribar?"}]},{"@type":"WebSite","@id":"https:\/\/welcomelalfas.com\/#website","url":"https:\/\/welcomelalfas.com\/","name":"Welcome L&#039;Alf\u00e0s","description":"Welcome L&#039;Alf\u00e0s","potentialAction":[{"@type":"SearchAction","target":{"@type":"EntryPoint","urlTemplate":"https:\/\/welcomelalfas.com\/?s={search_term_string}"},"query-input":"required name=search_term_string"}],"inLanguage":"val"}]}},"_links":{"self":[{"href":"https:\/\/welcomelalfas.com\/val\/wp-json\/wp\/v2\/pages\/3708"}],"collection":[{"href":"https:\/\/welcomelalfas.com\/val\/wp-json\/wp\/v2\/pages"}],"about":[{"href":"https:\/\/welcomelalfas.com\/val\/wp-json\/wp\/v2\/types\/page"}],"author":[{"embeddable":true,"href":"https:\/\/welcomelalfas.com\/val\/wp-json\/wp\/v2\/users\/1"}],"replies":[{"embeddable":true,"href":"https:\/\/welcomelalfas.com\/val\/wp-json\/wp\/v2\/comments?post=3708"}],"version-history":[{"count":6,"href":"https:\/\/welcomelalfas.com\/val\/wp-json\/wp\/v2\/pages\/3708\/revisions"}],"predecessor-version":[{"id":3994,"href":"https:\/\/welcomelalfas.com\/val\/wp-json\/wp\/v2\/pages\/3708\/revisions\/3994"}],"wp:attachment":[{"href":"https:\/\/welcomelalfas.com\/val\/wp-json\/wp\/v2\/media?parent=3708"}],"curies":[{"name":"wp","href":"https:\/\/api.w.org\/{rel}","templated":true}]}}