{"id":3974,"date":"2021-10-03T19:13:27","date_gmt":"2021-10-03T19:13:27","guid":{"rendered":"https:\/\/welcomelalfas.com\/?page_id=3974"},"modified":"2022-10-03T10:53:34","modified_gmt":"2022-10-03T10:53:34","slug":"enoturisme-a-lalfas-del-pi","status":"publish","type":"page","link":"https:\/\/welcomelalfas.com\/val\/enoturisme-a-lalfas-del-pi\/","title":{"rendered":"Enoturisme a l\u2019Alf\u00e0s del Pi"},"content":{"rendered":"<p>[vc_row css_animation=&#8221;&#8221; row_type=&#8221;row&#8221; use_row_as_full_screen_section=&#8221;no&#8221; type=&#8221;grid&#8221; angled_section=&#8221;no&#8221; text_align=&#8221;left&#8221; background_image_as_pattern=&#8221;without_pattern&#8221; z_index=&#8221;&#8221; padding_top=&#8221;50&#8243;][vc_column el_class=&#8221;apartadoTN&#8221;][vc_column_text]<\/p>\n<h2>BODEGUES MENDOZA<\/h2>\n<p>[\/vc_column_text][\/vc_column][\/vc_row][vc_row css_animation=&#8221;&#8221; row_type=&#8221;row&#8221; use_row_as_full_screen_section=&#8221;no&#8221; type=&#8221;grid&#8221; angled_section=&#8221;no&#8221; text_align=&#8221;left&#8221; background_image_as_pattern=&#8221;without_pattern&#8221; z_index=&#8221;&#8221; padding_bottom=&#8221;70&#8243;][vc_column][vc_column_text]<\/p>\n<h3>EL MILLOR VI EST\u00c0 EN LA MILLOR VINYA<\/h3>\n<p>El Celler Mendoza va n\u00e0ixer en 1989 com a empresa familiar, per\u00f2 el projecte es va forjar a la fi dels 70, quan Enrique Mendoza va comen\u00e7ar a comprar, col\u00b7leccionar i invertir en vi d&#8217;altres cellers com a aficionat.<\/p>\n<p>M\u00e9s tard, recuperant la tradici\u00f3 familiar a la Marina Baixa de produir vi per al consum familiar, es van plantar les primeres 2.000 plantes que en 25 anys s&#8217;han transformat en un celler a l&#8217;Alf\u00e0s del Pi, amb 1.400 barriques dels millors boscos francesos i americans. Des de l&#8217;Alf\u00e0s, s&#8217;embotellen i es posicionen els vins en els mercats nacionals i internacionals. En les terres alfasines disposen tamb\u00e9 de 4,5 hect\u00e0rees de Moscatell d&#8217;Alexandria.<\/p>\n<p>El segon celler, situada en la Finca Chaconero de Villena, est\u00e0 dotada de la millor tecnologia i instal\u00b7lacions per a fermentar el ra\u00efm procedent de les 80 hect\u00e0rees (250.000 plantes) de les seg\u00fcents varietats: Chardonnay en blanques i Cabernet Sauvignon, Merlot, Pinot, Petit Verdot, Shiraz i Monastrell en tintes.<\/p>\n<p>La conscienciaci\u00f3 dels Cellers Mendoza per la viticultura els ha portat a crear ra\u00efm produ\u00eft sense herbicides ni insecticides i alimentades nom\u00e9s amb compostos. Les seues vinyes estan portades de manera cient\u00edfica, recolzats en la dendrometr\u00eda (t\u00e8cnica que permet controlar l&#8217;estr\u00e9s h\u00eddric de les plantes) i la viticultura de precisi\u00f3.<\/p>\n<p><a style=\"color: #006198;\" href=\"https:\/\/bodegasmendoza.com\/experiencias-y-vino\/\" target=\"_blank\" rel=\"noopener\"><i class=\"fa fa-external-link\" aria-hidden=\"true\"><\/i> Visitar Bodegues Mendoza<\/a>[\/vc_column_text][\/vc_column][\/vc_row][vc_row css_animation=&#8221;&#8221; row_type=&#8221;row&#8221; use_row_as_full_screen_section=&#8221;no&#8221; type=&#8221;grid&#8221; angled_section=&#8221;no&#8221; text_align=&#8221;left&#8221; background_image_as_pattern=&#8221;without_pattern&#8221; z_index=&#8221;&#8221;][vc_column el_class=&#8221;apartadoTN&#8221;][vc_column_text]<\/p>\n<h2>RUTA DEL VI DE ALICANT<\/h2>\n<p>[\/vc_column_text][\/vc_column][\/vc_row][vc_row css_animation=&#8221;&#8221; row_type=&#8221;row&#8221; use_row_as_full_screen_section=&#8221;no&#8221; type=&#8221;grid&#8221; angled_section=&#8221;no&#8221; text_align=&#8221;left&#8221; background_image_as_pattern=&#8221;without_pattern&#8221; z_index=&#8221;&#8221; padding_bottom=&#8221;70&#8243;][vc_column][vc_column_text]<\/p>\n<h3>L\u2019ALF\u00c0S DEL PI CAPITAL VIN\u00cdCOLA DE LA MARINA BAIXA<\/h3>\n<p>L&#8217;Alf\u00e0s del Pi, \u00e9s membre del consell regulador de l&#8217;Associaci\u00f3 Espanyola de Ciutats del Vi, dependent del Govern d&#8217;Espanya, que reconeix 31 rutes oficials associades al enoturisme al nostre pa\u00eds.<\/p>\n<p>A trav\u00e9s dels Cellers Mendoza se situa entre els destins d&#8217;aqueix consell regulador de les Rutes del Vi d&#8217;Alacant, que t\u00e9 l&#8217;objectiu de donar a con\u00e9ixer els paisatges de la prov\u00edncia a trav\u00e9s dels vins que es produeixen en comarques com el Vinalop\u00f3, la Marines Alta i, per descomptat, la Marina Baixa, en la qual som el gran pol d&#8217;atracci\u00f3.<\/p>\n<p><a style=\"color: #006198;\" href=\"https:\/\/www.rutadelvinodealicante.com\/\" target=\"_blank\" rel=\"noopener\"><i class=\"fa fa-external-link\" aria-hidden=\"true\"><\/i> Ver Ruta del Vi<\/a>[\/vc_column_text][\/vc_column][\/vc_row][vc_row css_animation=&#8221;&#8221; row_type=&#8221;row&#8221; use_row_as_full_screen_section=&#8221;no&#8221; type=&#8221;full_width&#8221; angled_section=&#8221;no&#8221; text_align=&#8221;left&#8221; background_image_as_pattern=&#8221;without_pattern&#8221; z_index=&#8221;&#8221;][vc_column css=&#8221;.vc_custom_1630316963515{margin-top: 40px !important;}&#8221;][vc_gallery type=&#8221;image_grid&#8221; images=&#8221;3976,3977,3978&#8243; img_size=&#8221;full&#8221; onclick=&#8221;&#8221; column_number=&#8221;3&#8243; grayscale=&#8221;no&#8221; images_space=&#8221;gallery_with_space&#8221;][\/vc_column][\/vc_row][vc_row css_animation=&#8221;&#8221; row_type=&#8221;row&#8221; use_row_as_full_screen_section=&#8221;no&#8221; type=&#8221;full_width&#8221; angled_section=&#8221;no&#8221; text_align=&#8221;left&#8221; background_image_as_pattern=&#8221;without_pattern&#8221; z_index=&#8221;&#8221; padding_top=&#8221;157&#8243; css=&#8221;.vc_custom_1623657953821{margin-top: 70px !important;background-image: url(https:\/\/welcomelalfas.com\/wp-content\/uploads\/2021\/06\/fondo-pie-tn.jpg?id=389) !important;background-position: center !important;background-repeat: no-repeat !important;background-size: cover !important;}&#8221; padding_bottom=&#8221;100&#8243;][vc_column css=&#8221;.vc_custom_1623600830979{background-position: 0 0 !important;background-repeat: no-repeat !important;}&#8221;][\/vc_column][\/vc_row]<\/p>\n","protected":false},"excerpt":{"rendered":"<p>[vc_row css_animation=&#8221;&#8221; row_type=&#8221;row&#8221; use_row_as_full_screen_section=&#8221;no&#8221; type=&#8221;grid&#8221; angled_section=&#8221;no&#8221; text_align=&#8221;left&#8221; background_image_as_pattern=&#8221;without_pattern&#8221; z_index=&#8221;&#8221; padding_top=&#8221;50&#8243;][vc_column el_class=&#8221;apartadoTN&#8221;][vc_column_text] BODEGUES MENDOZA [\/vc_column_text][\/vc_column][\/vc_row][vc_row css_animation=&#8221;&#8221; row_type=&#8221;row&#8221; use_row_as_full_screen_section=&#8221;no&#8221; type=&#8221;grid&#8221; angled_section=&#8221;no&#8221; text_align=&#8221;left&#8221; background_image_as_pattern=&#8221;without_pattern&#8221; z_index=&#8221;&#8221; padding_bottom=&#8221;70&#8243;][vc_column][vc_column_text] EL MILLOR VI EST\u00c0 EN LA MILLOR VINYA El Celler Mendoza va n\u00e0ixer en 1989 com a empresa familiar, per\u00f2 el projecte&#8230;<\/p>\n","protected":false},"author":2,"featured_media":0,"parent":0,"menu_order":0,"comment_status":"closed","ping_status":"closed","template":"full_width.php","meta":[],"yoast_head":"<!-- This site is optimized with the Yoast SEO plugin v19.7.1 - https:\/\/yoast.com\/wordpress\/plugins\/seo\/ -->\n<title>Enoturisme a l\u2019Alf\u00e0s del Pi | Welcome L&#039;Alf\u00e0s<\/title>\n<meta name=\"description\" content=\"Enoturisme a l\u2019Alf\u00e0s del Pi | Welcome L&#039;Alf\u00e0s\" \/>\n<meta name=\"robots\" content=\"index, follow, max-snippet:-1, max-image-preview:large, max-video-preview:-1\" \/>\n<link rel=\"canonical\" href=\"https:\/\/welcomelalfas.com\/val\/enoturisme-a-lalfas-del-pi\/\" \/>\n<meta property=\"og:locale\" content=\"en_US\" \/>\n<meta property=\"og:type\" content=\"article\" \/>\n<meta property=\"og:title\" content=\"Enoturisme a l\u2019Alf\u00e0s del Pi | Welcome L&#039;Alf\u00e0s\" \/>\n<meta property=\"og:description\" content=\"Enoturisme a l\u2019Alf\u00e0s del Pi | Welcome L&#039;Alf\u00e0s\" \/>\n<meta property=\"og:url\" content=\"https:\/\/welcomelalfas.com\/val\/enoturisme-a-lalfas-del-pi\/\" \/>\n<meta property=\"og:site_name\" content=\"Welcome L&#039;Alf\u00e0s\" \/>\n<meta property=\"article:modified_time\" content=\"2022-10-03T10:53:34+00:00\" \/>\n<meta name=\"twitter:card\" content=\"summary_large_image\" \/>\n<meta name=\"twitter:label1\" content=\"Est. reading time\" \/>\n\t<meta name=\"twitter:data1\" content=\"2 minutes\" \/>\n<script type=\"application\/ld+json\" class=\"yoast-schema-graph\">{\"@context\":\"https:\/\/schema.org\",\"@graph\":[{\"@type\":\"WebPage\",\"@id\":\"https:\/\/welcomelalfas.com\/val\/enoturisme-a-lalfas-del-pi\/\",\"url\":\"https:\/\/welcomelalfas.com\/val\/enoturisme-a-lalfas-del-pi\/\",\"name\":\"Enoturisme a l\u2019Alf\u00e0s del Pi | Welcome L&#039;Alf\u00e0s\",\"isPartOf\":{\"@id\":\"https:\/\/welcomelalfas.com\/#website\"},\"datePublished\":\"2021-10-03T19:13:27+00:00\",\"dateModified\":\"2022-10-03T10:53:34+00:00\",\"description\":\"Enoturisme a l\u2019Alf\u00e0s del Pi | Welcome L&#039;Alf\u00e0s\",\"breadcrumb\":{\"@id\":\"https:\/\/welcomelalfas.com\/val\/enoturisme-a-lalfas-del-pi\/#breadcrumb\"},\"inLanguage\":\"val\",\"potentialAction\":[{\"@type\":\"ReadAction\",\"target\":[\"https:\/\/welcomelalfas.com\/val\/enoturisme-a-lalfas-del-pi\/\"]}]},{\"@type\":\"BreadcrumbList\",\"@id\":\"https:\/\/welcomelalfas.com\/val\/enoturisme-a-lalfas-del-pi\/#breadcrumb\",\"itemListElement\":[{\"@type\":\"ListItem\",\"position\":1,\"name\":\"Portada\",\"item\":\"https:\/\/welcomelalfas.com\/val\/\"},{\"@type\":\"ListItem\",\"position\":2,\"name\":\"Enoturisme a l\u2019Alf\u00e0s del Pi\"}]},{\"@type\":\"WebSite\",\"@id\":\"https:\/\/welcomelalfas.com\/#website\",\"url\":\"https:\/\/welcomelalfas.com\/\",\"name\":\"Welcome L&#039;Alf\u00e0s\",\"description\":\"Welcome L&#039;Alf\u00e0s\",\"potentialAction\":[{\"@type\":\"SearchAction\",\"target\":{\"@type\":\"EntryPoint\",\"urlTemplate\":\"https:\/\/welcomelalfas.com\/?s={search_term_string}\"},\"query-input\":\"required name=search_term_string\"}],\"inLanguage\":\"val\"}]}<\/script>\n<!-- \/ Yoast SEO plugin. -->","yoast_head_json":{"title":"Enoturisme a l\u2019Alf\u00e0s del Pi | Welcome L&#039;Alf\u00e0s","description":"Enoturisme a l\u2019Alf\u00e0s del Pi | Welcome L&#039;Alf\u00e0s","robots":{"index":"index","follow":"follow","max-snippet":"max-snippet:-1","max-image-preview":"max-image-preview:large","max-video-preview":"max-video-preview:-1"},"canonical":"https:\/\/welcomelalfas.com\/val\/enoturisme-a-lalfas-del-pi\/","og_locale":"en_US","og_type":"article","og_title":"Enoturisme a l\u2019Alf\u00e0s del Pi | Welcome L&#039;Alf\u00e0s","og_description":"Enoturisme a l\u2019Alf\u00e0s del Pi | Welcome L&#039;Alf\u00e0s","og_url":"https:\/\/welcomelalfas.com\/val\/enoturisme-a-lalfas-del-pi\/","og_site_name":"Welcome L&#039;Alf\u00e0s","article_modified_time":"2022-10-03T10:53:34+00:00","twitter_card":"summary_large_image","twitter_misc":{"Est. reading time":"2 minutes"},"schema":{"@context":"https:\/\/schema.org","@graph":[{"@type":"WebPage","@id":"https:\/\/welcomelalfas.com\/val\/enoturisme-a-lalfas-del-pi\/","url":"https:\/\/welcomelalfas.com\/val\/enoturisme-a-lalfas-del-pi\/","name":"Enoturisme a l\u2019Alf\u00e0s del Pi | Welcome L&#039;Alf\u00e0s","isPartOf":{"@id":"https:\/\/welcomelalfas.com\/#website"},"datePublished":"2021-10-03T19:13:27+00:00","dateModified":"2022-10-03T10:53:34+00:00","description":"Enoturisme a l\u2019Alf\u00e0s del Pi | Welcome L&#039;Alf\u00e0s","breadcrumb":{"@id":"https:\/\/welcomelalfas.com\/val\/enoturisme-a-lalfas-del-pi\/#breadcrumb"},"inLanguage":"val","potentialAction":[{"@type":"ReadAction","target":["https:\/\/welcomelalfas.com\/val\/enoturisme-a-lalfas-del-pi\/"]}]},{"@type":"BreadcrumbList","@id":"https:\/\/welcomelalfas.com\/val\/enoturisme-a-lalfas-del-pi\/#breadcrumb","itemListElement":[{"@type":"ListItem","position":1,"name":"Portada","item":"https:\/\/welcomelalfas.com\/val\/"},{"@type":"ListItem","position":2,"name":"Enoturisme a l\u2019Alf\u00e0s del Pi"}]},{"@type":"WebSite","@id":"https:\/\/welcomelalfas.com\/#website","url":"https:\/\/welcomelalfas.com\/","name":"Welcome L&#039;Alf\u00e0s","description":"Welcome L&#039;Alf\u00e0s","potentialAction":[{"@type":"SearchAction","target":{"@type":"EntryPoint","urlTemplate":"https:\/\/welcomelalfas.com\/?s={search_term_string}"},"query-input":"required name=search_term_string"}],"inLanguage":"val"}]}},"_links":{"self":[{"href":"https:\/\/welcomelalfas.com\/val\/wp-json\/wp\/v2\/pages\/3974"}],"collection":[{"href":"https:\/\/welcomelalfas.com\/val\/wp-json\/wp\/v2\/pages"}],"about":[{"href":"https:\/\/welcomelalfas.com\/val\/wp-json\/wp\/v2\/types\/page"}],"author":[{"embeddable":true,"href":"https:\/\/welcomelalfas.com\/val\/wp-json\/wp\/v2\/users\/2"}],"replies":[{"embeddable":true,"href":"https:\/\/welcomelalfas.com\/val\/wp-json\/wp\/v2\/comments?post=3974"}],"version-history":[{"count":2,"href":"https:\/\/welcomelalfas.com\/val\/wp-json\/wp\/v2\/pages\/3974\/revisions"}],"predecessor-version":[{"id":3981,"href":"https:\/\/welcomelalfas.com\/val\/wp-json\/wp\/v2\/pages\/3974\/revisions\/3981"}],"wp:attachment":[{"href":"https:\/\/welcomelalfas.com\/val\/wp-json\/wp\/v2\/media?parent=3974"}],"curies":[{"name":"wp","href":"https:\/\/api.w.org\/{rel}","templated":true}]}}