{"id":4647,"date":"2022-11-09T15:57:04","date_gmt":"2022-11-09T15:57:04","guid":{"rendered":"https:\/\/welcomelalfas.com\/destino-turistico-inteligente-de-lalfas\/"},"modified":"2022-11-09T17:28:37","modified_gmt":"2022-11-09T17:28:37","slug":"destino-turistico-inteligente-de-lalfas","status":"publish","type":"page","link":"https:\/\/welcomelalfas.com\/val\/destino-turistico-inteligente-de-lalfas\/","title":{"rendered":"Destinaci\u00f3 Tur\u00edstica Intel\u00b7ligent de l&#8217;Alf\u00e0s"},"content":{"rendered":"<p>[vc_row css_animation=&#8221;&#8221; row_type=&#8221;row&#8221; use_row_as_full_screen_section=&#8221;no&#8221; type=&#8221;grid&#8221; angled_section=&#8221;no&#8221; text_align=&#8221;left&#8221; background_image_as_pattern=&#8221;without_pattern&#8221; z_index=&#8221;&#8221; padding_top=&#8221;70&#8243;][vc_column][vc_column_text css=&#8221;.vc_custom_1668014880496{margin-bottom: 20px !important;}&#8221;]El projecte de destinaci\u00f3 tur\u00edstica intel\u00b7ligent de l&#8217;Alf\u00e0s del Pi es va iniciar en principi amb la llei de turisme, oci i hospitalitat i amb un enfocament no sols d&#8217;optimitzaci\u00f3 de l&#8217;experi\u00e8ncia dels visitants, sin\u00f3 tamb\u00e9 d&#8217;aconseguir una millor qualitat de vida dels residents.<\/p>\n<p>La norma UNE 178501 de AENOR recull els requisits per a establir, implementar, mantindre i millorar un Sistema de Gesti\u00f3 de les Destinacions Tur\u00edstiques Intel\u00b7ligents, sobre la base dels eixos d&#8217;innovaci\u00f3, tecnologia, accessibilitat i sostenibilitat en els seus vessants econ\u00f2mics, socioculturals i mediambientals.<\/p>\n<p>En 2020, despr\u00e9s d&#8217;adaptar el autodiagn\u00f2stic a les caracter\u00edstiques i peculiaritats del turisme de salut i benestar, l&#8217;Alf\u00e0s va rebre l&#8217;informe del testatge de la norma UNE 178501 de AENOR, els resultats en funci\u00f3 del treball previ exercit en les \u00e0rees involucrades, van donar com a resultat un balan\u00e7 positiu aconseguint el nivell 2.<\/p>\n<p>Amb aquest avan\u00e7 en mat\u00e8ria de turisme intel\u00b7ligent en 2022, el Pla Director DTI de l&#8217;Alf\u00e0s es constitueix com el document de refer\u00e8ncia per als diferents agents p\u00fablics i privats del nou model de gesti\u00f3 tur\u00edstica, per a l&#8217;establiment de plans d&#8217;actuaci\u00f3, i per a aconseguir el seg\u00fcent objectiu : incrementar la seua competitivitat com a dest\u00ed a trav\u00e9s de la innovaci\u00f3, millorar la percepci\u00f3, l&#8217;experi\u00e8ncia dels turistes i la qualitat de vida dels residents.<br \/>\n[\/vc_column_text][\/vc_column][vc_column css=&#8221;.vc_custom_1668010419075{margin-top: 30px !important;}&#8221;][vc_column_text]<\/p>\n<p style=\"text-align: left;\"><a style=\"color: #006198;\" href=\"\/wp-content\/uploads\/2022\/11\/resumen-ejecutivo-dti-lalfas-de-pi.pdf\" target=\"_blank\" rel=\"noopener\"><strong><i class=\"fa fa-download\" aria-hidden=\"true\"><\/i> Descarregar Resum Executiu Destinaci\u00f3 Tur\u00edstica Intel\u00b7ligent de l&#8217;Alf\u00e0s del Pi<\/strong><\/a><\/p>\n<p>[\/vc_column_text][\/vc_column][\/vc_row][vc_row css_animation=&#8221;&#8221; row_type=&#8221;row&#8221; use_row_as_full_screen_section=&#8221;no&#8221; type=&#8221;full_width&#8221; angled_section=&#8221;no&#8221; text_align=&#8221;left&#8221; background_image_as_pattern=&#8221;without_pattern&#8221; z_index=&#8221;&#8221; padding_top=&#8221;157&#8243; css=&#8221;.vc_custom_1623657953821{margin-top: 70px !important;background-image: url(https:\/\/welcomelalfas.com\/wp-content\/uploads\/2021\/06\/fondo-pie-tn.jpg?id=389) !important;background-position: center !important;background-repeat: no-repeat !important;background-size: cover !important;}&#8221; padding_bottom=&#8221;100&#8243;][vc_column width=&#8221;1\/4&#8243; css=&#8221;.vc_custom_1623600830979{background-position: 0 0 !important;background-repeat: no-repeat !important;}&#8221;][\/vc_column][vc_column width=&#8221;1\/2&#8243;][\/vc_column][vc_column width=&#8221;1\/4&#8243;][\/vc_column][\/vc_row]<\/p>\n","protected":false},"excerpt":{"rendered":"<p>[vc_row css_animation=&#8221;&#8221; row_type=&#8221;row&#8221; use_row_as_full_screen_section=&#8221;no&#8221; type=&#8221;grid&#8221; angled_section=&#8221;no&#8221; text_align=&#8221;left&#8221; background_image_as_pattern=&#8221;without_pattern&#8221; z_index=&#8221;&#8221; padding_top=&#8221;70&#8243;][vc_column][vc_column_text css=&#8221;.vc_custom_1668014880496{margin-bottom: 20px !important;}&#8221;]El projecte de destinaci\u00f3 tur\u00edstica intel\u00b7ligent de l&#8217;Alf\u00e0s del Pi es va iniciar en principi amb la llei de turisme, oci i hospitalitat i amb un enfocament no sols d&#8217;optimitzaci\u00f3 de l&#8217;experi\u00e8ncia dels&#8230;<\/p>\n","protected":false},"author":1,"featured_media":0,"parent":0,"menu_order":0,"comment_status":"closed","ping_status":"closed","template":"full_width.php","meta":[],"yoast_head":"<!-- This site is optimized with the Yoast SEO plugin v19.7.1 - https:\/\/yoast.com\/wordpress\/plugins\/seo\/ -->\n<title>Destinaci\u00f3 Tur\u00edstica Intel\u00b7ligent de l&#039;Alf\u00e0s | Welcome L&#039;Alf\u00e0s<\/title>\n<meta name=\"description\" content=\"Destinaci\u00f3 Tur\u00edstica Intel\u00b7ligent de l&#039;Alf\u00e0s | Welcome L&#039;Alf\u00e0s\" \/>\n<meta name=\"robots\" content=\"index, follow, max-snippet:-1, max-image-preview:large, max-video-preview:-1\" \/>\n<link rel=\"canonical\" href=\"https:\/\/welcomelalfas.com\/val\/destino-turistico-inteligente-de-lalfas\/\" \/>\n<meta property=\"og:locale\" content=\"en_US\" \/>\n<meta property=\"og:type\" content=\"article\" \/>\n<meta property=\"og:title\" content=\"Destinaci\u00f3 Tur\u00edstica Intel\u00b7ligent de l&#039;Alf\u00e0s | Welcome L&#039;Alf\u00e0s\" \/>\n<meta property=\"og:description\" content=\"Destinaci\u00f3 Tur\u00edstica Intel\u00b7ligent de l&#039;Alf\u00e0s | Welcome L&#039;Alf\u00e0s\" \/>\n<meta property=\"og:url\" content=\"https:\/\/welcomelalfas.com\/val\/destino-turistico-inteligente-de-lalfas\/\" \/>\n<meta property=\"og:site_name\" content=\"Welcome L&#039;Alf\u00e0s\" \/>\n<meta property=\"article:modified_time\" content=\"2022-11-09T17:28:37+00:00\" \/>\n<meta name=\"twitter:card\" content=\"summary_large_image\" \/>\n<meta name=\"twitter:label1\" content=\"Est. reading time\" \/>\n\t<meta name=\"twitter:data1\" content=\"2 minutes\" \/>\n<script type=\"application\/ld+json\" class=\"yoast-schema-graph\">{\"@context\":\"https:\/\/schema.org\",\"@graph\":[{\"@type\":\"WebPage\",\"@id\":\"https:\/\/welcomelalfas.com\/val\/destino-turistico-inteligente-de-lalfas\/\",\"url\":\"https:\/\/welcomelalfas.com\/val\/destino-turistico-inteligente-de-lalfas\/\",\"name\":\"Destinaci\u00f3 Tur\u00edstica Intel\u00b7ligent de l'Alf\u00e0s | Welcome L&#039;Alf\u00e0s\",\"isPartOf\":{\"@id\":\"https:\/\/welcomelalfas.com\/#website\"},\"datePublished\":\"2022-11-09T15:57:04+00:00\",\"dateModified\":\"2022-11-09T17:28:37+00:00\",\"description\":\"Destinaci\u00f3 Tur\u00edstica Intel\u00b7ligent de l'Alf\u00e0s | Welcome L&#039;Alf\u00e0s\",\"breadcrumb\":{\"@id\":\"https:\/\/welcomelalfas.com\/val\/destino-turistico-inteligente-de-lalfas\/#breadcrumb\"},\"inLanguage\":\"val\",\"potentialAction\":[{\"@type\":\"ReadAction\",\"target\":[\"https:\/\/welcomelalfas.com\/val\/destino-turistico-inteligente-de-lalfas\/\"]}]},{\"@type\":\"BreadcrumbList\",\"@id\":\"https:\/\/welcomelalfas.com\/val\/destino-turistico-inteligente-de-lalfas\/#breadcrumb\",\"itemListElement\":[{\"@type\":\"ListItem\",\"position\":1,\"name\":\"Portada\",\"item\":\"https:\/\/welcomelalfas.com\/val\/\"},{\"@type\":\"ListItem\",\"position\":2,\"name\":\"Destinaci\u00f3 Tur\u00edstica Intel\u00b7ligent de l&#8217;Alf\u00e0s\"}]},{\"@type\":\"WebSite\",\"@id\":\"https:\/\/welcomelalfas.com\/#website\",\"url\":\"https:\/\/welcomelalfas.com\/\",\"name\":\"Welcome L&#039;Alf\u00e0s\",\"description\":\"Welcome L&#039;Alf\u00e0s\",\"potentialAction\":[{\"@type\":\"SearchAction\",\"target\":{\"@type\":\"EntryPoint\",\"urlTemplate\":\"https:\/\/welcomelalfas.com\/?s={search_term_string}\"},\"query-input\":\"required name=search_term_string\"}],\"inLanguage\":\"val\"}]}<\/script>\n<!-- \/ Yoast SEO plugin. -->","yoast_head_json":{"title":"Destinaci\u00f3 Tur\u00edstica Intel\u00b7ligent de l'Alf\u00e0s | Welcome L&#039;Alf\u00e0s","description":"Destinaci\u00f3 Tur\u00edstica Intel\u00b7ligent de l'Alf\u00e0s | Welcome L&#039;Alf\u00e0s","robots":{"index":"index","follow":"follow","max-snippet":"max-snippet:-1","max-image-preview":"max-image-preview:large","max-video-preview":"max-video-preview:-1"},"canonical":"https:\/\/welcomelalfas.com\/val\/destino-turistico-inteligente-de-lalfas\/","og_locale":"en_US","og_type":"article","og_title":"Destinaci\u00f3 Tur\u00edstica Intel\u00b7ligent de l'Alf\u00e0s | Welcome L&#039;Alf\u00e0s","og_description":"Destinaci\u00f3 Tur\u00edstica Intel\u00b7ligent de l'Alf\u00e0s | Welcome L&#039;Alf\u00e0s","og_url":"https:\/\/welcomelalfas.com\/val\/destino-turistico-inteligente-de-lalfas\/","og_site_name":"Welcome L&#039;Alf\u00e0s","article_modified_time":"2022-11-09T17:28:37+00:00","twitter_card":"summary_large_image","twitter_misc":{"Est. reading time":"2 minutes"},"schema":{"@context":"https:\/\/schema.org","@graph":[{"@type":"WebPage","@id":"https:\/\/welcomelalfas.com\/val\/destino-turistico-inteligente-de-lalfas\/","url":"https:\/\/welcomelalfas.com\/val\/destino-turistico-inteligente-de-lalfas\/","name":"Destinaci\u00f3 Tur\u00edstica Intel\u00b7ligent de l'Alf\u00e0s | Welcome L&#039;Alf\u00e0s","isPartOf":{"@id":"https:\/\/welcomelalfas.com\/#website"},"datePublished":"2022-11-09T15:57:04+00:00","dateModified":"2022-11-09T17:28:37+00:00","description":"Destinaci\u00f3 Tur\u00edstica Intel\u00b7ligent de l'Alf\u00e0s | Welcome L&#039;Alf\u00e0s","breadcrumb":{"@id":"https:\/\/welcomelalfas.com\/val\/destino-turistico-inteligente-de-lalfas\/#breadcrumb"},"inLanguage":"val","potentialAction":[{"@type":"ReadAction","target":["https:\/\/welcomelalfas.com\/val\/destino-turistico-inteligente-de-lalfas\/"]}]},{"@type":"BreadcrumbList","@id":"https:\/\/welcomelalfas.com\/val\/destino-turistico-inteligente-de-lalfas\/#breadcrumb","itemListElement":[{"@type":"ListItem","position":1,"name":"Portada","item":"https:\/\/welcomelalfas.com\/val\/"},{"@type":"ListItem","position":2,"name":"Destinaci\u00f3 Tur\u00edstica Intel\u00b7ligent de l&#8217;Alf\u00e0s"}]},{"@type":"WebSite","@id":"https:\/\/welcomelalfas.com\/#website","url":"https:\/\/welcomelalfas.com\/","name":"Welcome L&#039;Alf\u00e0s","description":"Welcome L&#039;Alf\u00e0s","potentialAction":[{"@type":"SearchAction","target":{"@type":"EntryPoint","urlTemplate":"https:\/\/welcomelalfas.com\/?s={search_term_string}"},"query-input":"required name=search_term_string"}],"inLanguage":"val"}]}},"_links":{"self":[{"href":"https:\/\/welcomelalfas.com\/val\/wp-json\/wp\/v2\/pages\/4647"}],"collection":[{"href":"https:\/\/welcomelalfas.com\/val\/wp-json\/wp\/v2\/pages"}],"about":[{"href":"https:\/\/welcomelalfas.com\/val\/wp-json\/wp\/v2\/types\/page"}],"author":[{"embeddable":true,"href":"https:\/\/welcomelalfas.com\/val\/wp-json\/wp\/v2\/users\/1"}],"replies":[{"embeddable":true,"href":"https:\/\/welcomelalfas.com\/val\/wp-json\/wp\/v2\/comments?post=4647"}],"version-history":[{"count":4,"href":"https:\/\/welcomelalfas.com\/val\/wp-json\/wp\/v2\/pages\/4647\/revisions"}],"predecessor-version":[{"id":4651,"href":"https:\/\/welcomelalfas.com\/val\/wp-json\/wp\/v2\/pages\/4647\/revisions\/4651"}],"wp:attachment":[{"href":"https:\/\/welcomelalfas.com\/val\/wp-json\/wp\/v2\/media?parent=4647"}],"curies":[{"name":"wp","href":"https:\/\/api.w.org\/{rel}","templated":true}]}}